238465211?
3
What is the hundreds digit of 842539596?
5
What is the thousands digit of 431571897?
1
What is the ten thousands digit of 53645551?
4
What is the millions digit of 106528429?
6
What is the hundreds digit of 1042432389?
3
What is the hundreds digit of 693373866?
8
What is the millions digit of 29911723?
9
What is the ten millions digit of 1031150789?
3
What is the hundreds digit of 19109294?
2
What is the ten thousands digit of 86057339?
5
What is the hundred thousands digit of 105937855?
9
What is the tens digit of 299774962?
6
What is the thousands digit of 8520491862?
1
What is the tens digit of 57998414?
1
What is the ten millions digit of 1182970188?
8
What is the units digit of 1028992104?
4
What is the hundreds digit of 117153049?
0
What is the hundreds digit of 2954044874?
8
What is the ten millions digit of 26884538?
2
What is the tens digit of 1106794067?
6
What is the ten millions digit of 433667046?
3
What is the hundred thousands digit of 897132253?
1
What is the thousands digit of 318144941?
4
What is the ten millions digit of 1338566107?
3
What is the millions digit of 6441579393?
1
What is the hundreds digit of 3176493725?
7
What is the hundreds digit of 473091639?
6
What is the billions digit of 1854121629?
1
What is the tens digit of 23609259?
5
What is the tens digit of 186396605?
0
What is the ten millions digit of 192270575?
9
What is the millions digit of 522423780?
2
What is the hundred thousands digit of 652793?
6
What is the hundred millions digit of 295474624?
2
What is the ten millions digit of 322018836?
2
What is the thousands digit of 123812197?
2
What is the hundred thousands digit of 1106651336?
6
What is the hundreds digit of 64143525?
5
What is the tens digit of 152617946?
4
What is the units digit of 240974333?
3
What is the hundred thousands digit of 2285159?
2
What is the thousands digit of 127987489?
7
What is the ten thousands digit of 832413710?
1
What is the hundred thousands digit of 2400007844?
0
What is the hundred thousands digit of 855055057?
0
What is the millions digit of 126652421?
6
What is the millions digit of 43525969?
3
What is the millions digit of 64867157?
4
What is the millions digit of 45127225?
5
What is the millions digit of 405559133?
5
What is the ten millions digit of 49750676?
4
What is the thousands digit of 29268115?
8
What is the ten thousands digit of 1182403853?
0
What is the thousands digit of 18514056?
4
What is the hundreds digit of 243350569?
5
What is the ten millions digit of 481799149?
8
What is the millions digit of 691625357?
1
What is the ten thousands digit of 245434748?
3
What is the tens digit of 11372011?
1
What is the billions digit of 1828008457?
1
What is the thousands digit of 190481523?
1
What is the billions digit of 2169314696?
2
What is the millions digit of 706492305?
6
What is the hundred thousands digit of 215422910?
4
What is the hundred thousands digit of 26521453?
5
What is the thousands digit of 697875983?
5
What is the hundreds digit of 101565060?
0
What is the hundred millions digit of 449716436?
4
What is the ten millions digit of 1971112642?
7
What is the units digit of 2719798013?
3
What is the units digit of 210918953?
3
What is the ten millions digit of 1503761580?
0
What is the millions digit of 135853293?
5
What is the millions digit of 1358395486?
8
What is the millions digit of 9872580?
9
What is the hundred thousands digit of 669404024?
4
What is the tens digit of 367281108?
0
What is the thousands digit of 119233316?
3
What is the hundred millions digit of 2430089312?
4
What is the units digit of 3384325725?
5
What is the ten thousands digit of 69904810?
0
What is the tens digit of 7531440?
4
What is the ten millions digit of 14761922?
1
What is the tens digit of 1115363844?
4
What is the units digit of 183835608?
8
What is the hundreds digit of 1923349996?
9
What is the hundred thousands digit of 130255269?
2
What is the hundred thousands digit of 543788507?
7
What is the hundred thousands digit of 72066053?
0
What is the hundred millions digit of 305887125?
3
What is the millions digit of 153310370?
3
What is the thousands digit of 5965415196?
5
What is the ten millions digit of 91953724?
9
What is the millions digit of 570221657?
0
What is the millions digit of 221410960?
1
What is the hundred thousands digit of 235979763?
9
What is the thousands digit of 154514961?
4
What is the units digit of 954351738?
8
What is the hundred thousands digit of 132775481?
7
What is the units digit of 1430459505?
5
What is the millions digit of 52498302?
2
What is the hundred millions digit of 175026671?
1
What is the hundred millions digit of 3707751564?
7
What is the ten thousands digit of 370590953?
9
What is the ten millions digit of 176779770?
7
What is the ten thousands digit of 21715156?
1
What is the hundred millions digit of 252199941?
2
What is the ten millions digit of 252006095?
5
What is the hundreds digit of 33750486?
4
What is the ten millions digit of 85325003?
8
What is the millions digit of 110212362?
0
What is the units digit of 5786946616?
6
What is the units digit of 18126050?
0
What is the hundred millions digit of 2335602317?
3
What is the ten millions digit of 41955316?
4
What is the units digit of 392119932?
2
What is the tens digit of 86186303?
0
What is the units digit of 4285015514?
4
What is the hundred millions digit of 3807199695?
8
What is the hundred thousands digit of 581794696?
7
What is the hundreds digit of 1243690702?
7
What is the ten thousands digit of 340285303?
8
What is the billions digit of 1326161910?
1
What is the tens digit of 6765726?
2
What is the thousands digit of 183340506?
0
What is the units digit of 2409251877?
7
What is the billions digit of 1041509442?
1
What is the ten millions digit of 797223620?
9
What is the ten thousands digit of 36450101?
5
What is the hundreds digit of 9621884096?
0
What is the hundred millions digit of 2327917407?
3
What is the millions digit of 38334698?
8
What is the hundred thousands digit of 737810043?
8
What is the ten thousands digit of 10709414?
0
What is the hundred millions digit of 159864364?
1
What is the thousands digit of 283051491?
1
What is the hundreds digit of 214474089?
0
What is the millions digit of 4005687129?
5
What is the thousands digit of 1808398355?
8
What is the ten thousands digit of 2588412853?
1
What is the thousands digit of 1433578?
3
What is the thousands digit of 322350605?
0
What is the tens digit of 283989313?
1
What is the hundreds digit of 1988933495?
4
What is the hundred thousands digit of 140283293?
2
What is the ten thousands digit of 232755516?
5
What is the tens digit of 880781394?
9
What is the hundred millions digit of 129940226?
1
What is the tens digit of 613292245?
4
What is the millions digit of 998619609?
8
What is the hundreds digit of 2773291?
2
What is the billions digit of 1779011298?
1
What is the hundred millions digit of 4324841367?
3
What is the hundred millions digit of 4083053972?
0
What is the units digit of 25850809?
9
What is the hundreds digit of 23035967?
9
What is the ten millions digit of 45056195?
4
What is the hundred millions digit of 132119812?
1
What is the ten thousands digit of 1115179593?
7
What is the units digit of 11768043?
3
What is the millions digit of 1109866231?
9
What is the tens digit of 44132937?
3
What is the millions digit of 45473775?
5
What is the ten millions digit of 1402899084?
0
What is the units digit of 120785862?
2
What is the tens digit of 4958300?
0
What is the tens digit of 1077916987?
8
What is the units digit of 87753913?
3
What is the millions digit of 237348430?
7
What is the hundred thousands digit of 11441803?
4
What is the hundred millions digit of 975536165?
9
What is the thousands digit of 1488277670?
7
What is the thousands digit of 73570839?
0
What is the millions digit of 545830516?
5
What is the hundred thousands digit of 5382061628?
0
What is the hundred thousands digit of 294964414?
9
What is the hundreds digit of 1759012023?
0
What is the thousands digit of 1440314063?
4
What is the hundreds digit of 646719643?
6
What is the ten millions digit of 233842289?
3
What is the thousands digit of 117208673?
8
What is the tens digit of 1286351